{"id":35,"date":"2025-11-13T18:20:51","date_gmt":"2025-11-13T18:20:51","guid":{"rendered":"https:\/\/lichtlform.hu\/?page_id=35"},"modified":"2025-11-13T18:20:51","modified_gmt":"2025-11-13T18:20:51","slug":"palyazataink","status":"publish","type":"page","link":"https:\/\/lichtlform.hu\/index.php\/palyazataink\/","title":{"rendered":"P\u00e1ly\u00e1zataink"},"content":{"rendered":"<div class=\"wp-block-image\">\n<figure class=\"alignright size-full\"><img loading=\"lazy\" decoding=\"async\" width=\"270\" height=\"187\" src=\"https:\/\/lichtlform.hu\/wp-content\/uploads\/2025\/11\/bef_jovo_2020.png\" alt=\"\" class=\"wp-image-9\"\/><\/figure>\n<\/div>\n\n<ul class=\"wp-block-latest-posts__list wp-block-latest-posts\"><li><a class=\"wp-block-latest-posts__post-title\" href=\"https:\/\/lichtlform.hu\/index.php\/2026\/03\/03\/innovativ-fejlesztesek-a-lichtl-form-kft-nel\/\">Innovat\u00edv fejleszt\u00e9sek a Lichtl-Form Kft-n\u00e9l<\/a><\/li>\n<li><a class=\"wp-block-latest-posts__post-title\" href=\"https:\/\/lichtlform.hu\/index.php\/2020\/03\/18\/megmunkalokozpont-beszerzese-a-lichtl-form-kft-nel-2\/\">Megmunk\u00e1l\u00f3k\u00f6zpont beszerz\u00e9se a Lichtl-Form Kft-n\u00e9l<\/a><\/li>\n<li><a class=\"wp-block-latest-posts__post-title\" href=\"https:\/\/lichtlform.hu\/index.php\/2018\/10\/18\/megmunkalokozpont-beszerzese-a-lichtl-form-kft-nel\/\">Megmunk\u00e1l\u00f3k\u00f6zpont beszerz\u00e9se a Lichtl-Form Kft-n\u00e9l<\/a><\/li>\n<li><a class=\"wp-block-latest-posts__post-title\" href=\"https:\/\/lichtlform.hu\/index.php\/2018\/09\/01\/megmunkalokozpont-beszerzesea-lichtl-fork-kft-nel\/\">MEGMUNK\u00c1L\u00d3K\u00d6ZPONT BESZERZ\u00c9SE A LICHTL-FORK KFT-N\u00c9L\u00a0\u00a0<\/a><\/li>\n<li><a class=\"wp-block-latest-posts__post-title\" href=\"https:\/\/lichtlform.hu\/index.php\/2017\/10\/01\/extra-szeles-homerseklet-tartomanyban-alkalmazhato-szalerositett\/\">EXTRA SZ\u00c9LES H\u0150M\u00c9RS\u00c9KLET TARTOM\u00c1NYBAN ALKALMAZHAT\u00d3 SZ\u00c1LER\u0150S\u00cdTETT<\/a><\/li>\n<\/ul>","protected":false},"excerpt":{"rendered":"","protected":false},"author":1,"featured_media":0,"parent":0,"menu_order":0,"comment_status":"closed","ping_status":"closed","template":"","meta":{"footnotes":""},"class_list":["post-35","page","type-page","status-publish","hentry"],"_links":{"self":[{"href":"https:\/\/lichtlform.hu\/index.php\/wp-json\/wp\/v2\/pages\/35","targetHints":{"allow":["GET"]}}],"collection":[{"href":"https:\/\/lichtlform.hu\/index.php\/wp-json\/wp\/v2\/pages"}],"about":[{"href":"https:\/\/lichtlform.hu\/index.php\/wp-json\/wp\/v2\/types\/page"}],"author":[{"embeddable":true,"href":"https:\/\/lichtlform.hu\/index.php\/wp-json\/wp\/v2\/users\/1"}],"replies":[{"embeddable":true,"href":"https:\/\/lichtlform.hu\/index.php\/wp-json\/wp\/v2\/comments?post=35"}],"version-history":[{"count":1,"href":"https:\/\/lichtlform.hu\/index.php\/wp-json\/wp\/v2\/pages\/35\/revisions"}],"predecessor-version":[{"id":36,"href":"https:\/\/lichtlform.hu\/index.php\/wp-json\/wp\/v2\/pages\/35\/revisions\/36"}],"wp:attachment":[{"href":"https:\/\/lichtlform.hu\/index.php\/wp-json\/wp\/v2\/media?parent=35"}],"curies":[{"name":"wp","href":"https:\/\/api.w.org\/{rel}","templated":true}]}}